nder when 273472 is divided by 1283.
193
Calculate the remainder when 710177 is divided by 47342.
47
What is the remainder when 707924 is divided by 765?
299
What is the remainder when 20990 is divided by 2099?
0
What is the remainder when 586743 is divided by 890?
233
Calculate the remainder when 416321 is divided by 415869.
452
What is the remainder when 2031890 is divided by 1193?
211
Calculate the remainder when 388332 is divided by 899.
863
Calculate the remainder when 48759 is divided by 56.
39
Calculate the remainder when 7606780 is divided by 7606780.
0
Calculate the remainder when 989598 is divided by 692.
38
What is the remainder when 469326 is divided by 117108?
894
Calculate the remainder when 67405 is divided by 66559.
846
Calculate the remainder when 9888356 is divided by 17.
0
What is the remainder when 4703285 is divided by 860?
805
Calculate the remainder when 45962 is divided by 45732.
230
What is the remainder when 3104202 is divided by 25237?
51
What is the remainder when 242782 is divided by 121383?
16
Calculate the remainder when 739185 is divided by 2700.
2085
Calculate the remainder when 540634 is divided by 46.
42
Calculate the remainder when 21771818 is divided by 1461.
1457
What is the remainder when 199067 is divided by 3753?
158
Calculate the remainder when 9315757 is divided by 51.
46
What is the remainder when 44556391 is divided by 405058?
11
What is the remainder when 668037 is divided by 548?
25
What is the remainder when 4487 is divided by 1515?
1457
What is the remainder when 510625 is divided by 22200?
25
Calculate the remainder when 2550523 is divided by 406.
31
What is the remainder when 543915 is divided by 135957?
87
Calculate the remainder when 214358 is divided by 107.
37
Calculate the remainder when 1636370 is divided by 1663.
1641
Calculate the remainder when 859326 is divided by 37362.
0
What is the remainder when 7149811 is divided by 3771?
3766
What is the remainder when 42714668 is divided by 1016?
1012
Calculate the remainder when 2424037 is divided by 484.
165
What is the remainder when 8707345 is divided by 100?
45
What is the remainder when 60911 is divided by 2327?
409
What is the remainder when 422453 is divided by 211223?
7
What is the remainder when 3871229 is divided by 18884?
9
What is the remainder when 12454163 is divided by 1514?
1513
Calculate the remainder when 307032 is divided by 5311.
4305
Calculate the remainder when 3493838 is divided by 26.
10
What is the remainder when 14011133 is divided by 7005555?
23
Calculate the remainder when 459811 is divided by 22987.
71
What is the remainder when 1137205 is divided by 103290?
1015
What is the remainder when 3346437 is divided by 45841?
44
Calculate the remainder when 3122426 is divided by 2694.
80
What is the remainder when 9845769 is divided by 2461440?
9
What is the remainder when 2583727 is divided by 14?
13
Calculate the remainder when 3954210 is divided by 73226.
6
Calculate the remainder when 994170 is divided by 10701.
9678
What is the remainder when 13422 is divided by 1414?
696
Calculate the remainder when 1600545 is divided by 51.
12
Calculate the remainder when 87058 is divided by 1892.
26
What is the remainder when 9410074 is divided by 6?
4
Calculate the remainder when 22793932 is divided by 536.
532
What is the remainder when 1643167 is divided by 6108?
115
What is the remainder when 417253 is divided by 104263?
201
Calculate the remainder when 799312 is divided by 38055.
157
What is the remainder when 21424259 is divided by 765151?
31
What is the remainder when 735460 is divided by 688?
676
Calculate the remainder when 3300245 is divided by 1576.
101
What is the remainder when 15648550 is divided by 110201?
8
Calculate the remainder when 79021 is divided by 1456.
397
Calculate the remainder when 1328989 is divided by 1328989.
0
What is the remainder when 6893363 is divided by 211?
204
Calculate the remainder when 63446238 is divided by 110.
108
What is the remainder when 40444885 is divided by 1351?
1349
What is the remainder when 10607207 is divided by 186?
185
What is the remainder when 4601135 is divided by 34595?
0
What is the remainder when 610977 is divided by 813?
414
What is the remainder when 9646882 is divided by 5289?
5035
Calculate the remainder when 7017419 is divided by 143.
123
Calculate the remainder when 204422 is divided by 4853.
596
Calculate the remainder when 2843608 is divided by 936.
40
What is the remainder when 589635 is divided by 99?
90
Calculate the remainder when 3085260 is divided by 771312.
12
Calculate the remainder when 1910887 is divided by 7962.
7
What is the remainder when 44339 is divided by 843?
503
What is the remainder when 493045468 is divided by 447?
445
Calculate the remainder when 52165005 is divided by 168.
165
What is the remainder when 17350103 is divided by 321?
53
What is the remainder when 177822 is divided by 941?
914
Calculate the remainder when 178973 is divided by 5990.
5263
Calculate the remainder when 4859592 is divided by 45.
42
What is the remainder when 850452 is divided by 283474?
30
Calculate the remainder when 6700 is divided by 287.
99
Calculate the remainder when 18553075 is divided by 210.
205
What is the remainder when 21739483 is divided by 1280?
1243
What is the remainder when 2100880 is divided by 1434?
70
What is the remainder when 33543272 is divided by 277217?
15
What is the remainder when 56996325 is divided by 4263?
15
What is the remainder when 144719 is divided by 1476?
71
What is the remainder when 17406861 is divided by 9?
6
Calculate the remainder when 3025036 is divided by 167.
165
Calculate the remainder when 5695792 is divided by 18.
16
What is the remainder when 4997182 is divided by 35?
22
What is the remainder when 60544 is divided by 15001?
540
What is the remainder when 643895 is divided by 3597?
32
Calculate the remainder when 52485409 is divided by 178.
151
What is the remainder when 92328 is divided by 1247?
50
Calculate the remainder when 33817 is divided by 1298.
69
Calculate the remainder when 2903229 is divided by 271.
6
What is the remainder when 802500 is divided by 57199?
1714
What is the remainder when 666965 is divided by 665973?
992
What is the remainder when 183033 is divided by 12910?
2293
Calculate the remainder when 51881532 is divided by 2308.
0
Calculate the remainder when 2105113 is divided by 1052529.
55
Calculate the remainder when 4923355 is divided by 360.
355
Calculate the remainder when 755320 is divided by 894.
784
Calculate the remainder when 239281 is divided by 74722.
15115
What is the remainder when 9374936 is divided by 3215?
3211
What is the remainder when 15299897 is divided by 308?
305
What is the remainder when 2825551 is divided by 172?
107
What is the remainder when 9715472 is divided by 747344?
0
What is the remainder when 45118 is divided by 2413?
1684
Calculate the remainder when 1330114 is divided by 537.
502
What is the remainder when 40329 is divided by 12644?
2397
What is the remainder when 48322 is divided by 506?
252
What is the remainder when 152947 is divided by 76462?
23
What is the remainder when 215060 is divided by 991?
13
What is the remainder when 3647265 is divided by 3569?
3316
What is the remainder when 180905 is divided by 381?
311
What is the remainder when 1309639 is divided by 96?
7
What is the remainder when 17371235 is divided by 3616?
3587
Calculate the remainder when 4035777 is divided by 61148.
9
Calculate the remainder when 2351853 is divided by 2344.
821
Calculate the remainder when 1073409 is divided by 19.
4
Calculate the remainder when 125093818 is divided by 68.
66
Calculate the remainder when 390365 is divided by 1255.
60
What is the remainder when 129662 is divided by 2204?
1830
Calculate the remainder when 25102906 is divided by 334705.
31
What is the remainder when 617861 is divided by 5?
1
Calculate the remainder when 633876 is divided by 1046.
0
Calculate the remainder when 980826 is divided by 62.
48
What is the remainder when 133737 is divided by 5468?
2505
What is the remainder when 567284 is divided by 188925?
509
What is the remainder when 601086 is divided by 200358?
12
Calculate the remainder when 11289118 is divided by 435.
433
What is the r